ple of 57?
False
Is 373303 a multiple of 19?
False
Is 1726420 a multiple of 148?
True
Is 730 a factor of 660332?
False
Does 92 divide 177851?
False
Is 153 a factor of 3510279?
True
Does 130 divide 64089?
False
Is 2397971 a multiple of 73?
False
Does 23 divide 11309132?
False
Does 2 divide 864947?
False
Is 154 a factor of 9305?
False
Is 54 a factor of 4258791?
False
Is 768420 a multiple of 9?
True
Does 62 divide 90582?
True
Does 21 divide 409521?
True
Does 20 divide 960?
True
Is 1133124 a multiple of 5?
False
Is 131 a factor of 5109?
True
Does 60 divide 696420?
True
Is 13724 a multiple of 73?
True
Does 20 divide 494260?
True
Does 138 divide 85146?
True
Is 204281 a multiple of 371?
False
Does 26 divide 1212718?
True
Is 136368 a multiple of 48?
True
Is 382 a factor of 2483720?
False
Is 11 a factor of 285098?
True
Is 72799 a multiple of 12?
False
Is 1296648 a multiple of 24?
True
Is 34 a factor of 3368244?
True
Is 55590 a multiple of 6?
True
Is 225400 a multiple of 40?
True
Is 98 a factor of 2081980?
False
Does 36 divide 7005772?
False
Does 26 divide 1177764?
False
Is 2427310 a multiple of 24?
False
Does 428 divide 9438010?
False
Is 14 a factor of 170086?
True
Is 19508 a multiple of 100?
False
Does 17 divide 97274?
True
Is 104281 a multiple of 58?
False
Is 42 a factor of 1348900?
False
Is 18 a factor of 181038?
False
Is 20 a factor of 474245?
False
Is 120366 a multiple of 92?
False
Is 350 a factor of 11523395?
False
Does 48 divide 2902169?
False
Does 54 divide 736071?
False
Is 233 a factor of 80385?
True
Is 751520 a multiple of 20?
True
Is 225180 a multiple of 27?
True
Is 44 a factor of 262768?
True
Does 342 divide 193687?
False
Is 259094 even?
True
Does 58 divide 914602?
True
Does 20 divide 15802?
False
Is 189 a factor of 1512?
True
Is 128 a factor of 3110489?
False
Does 62 divide 559984?
True
Is 15143760 a multiple of 10?
True
Is 12 a factor of 1024392?
True
Is 38 a factor of 14282935?
False
Is 125 a factor of 4564000?
True
Is 332688 a multiple of 239?
True
Is 220 a factor of 62890?
False
Is 347136 a multiple of 8?
True
Is 129618 a multiple of 379?
True
Is 1423 a factor of 11825130?
True
Is 4402838 a multiple of 29?
True
Is 204514 a multiple of 293?
True
Is 271 a factor of 5479095?
False
Is 725 a factor of 32826?
False
Is 109 a factor of 103441?
True
Is 59452 even?
True
Is 39149 a multiple of 4?
False
Does 969 divide 1699714?
False
Does 15 divide 1308195?
True
Does 27 divide 39204?
True
Does 6 divide 35572?
False
Is 7 a factor of 34922?
False
Is 1345600 a multiple of 116?
True
Is 95872 a multiple of 112?
True
Is 881327 a multiple of 465?
False
Is 308 a factor of 5881568?
True
Is 127 a factor of 70358?
True
Does 3 divide 206723?
False
Is 27 a factor of 64557?
True
Is 1675 even?
False
Is 16 a factor of 3423937?
False
Is 78 a factor of 11834004?
True
Is 63 a factor of 341208?
True
Is 16 a factor of 17520?
True
Does 5 divide 2747777?
False
Is 9 a factor of 244736?
False
Does 24 divide 3336336?
True
Is 5 a factor of 1131?
False
Does 28 divide 5076859?
False
Is 61353 a multiple of 117?
False
Does 143 divide 1762077?
False
Is 365 a factor of 3626477?
False
Is 509082 a multiple of 7?
True
Is 15 a factor of 279014?
False
Is 25097805 a multiple of 11?
False
Does 124 divide 3357548?
True
Is 12 a factor of 1883232?
True
Is 502180 a multiple of 34?
True
Is 20 a factor of 229039?
False
Does 36 divide 748476?
True
Is 23709 a multiple of 7?
True
Does 4 divide 2118544?
True
Does 5 divide 189335?
True
Is 180932 a multiple of 5?
False
Is 42 a factor of 841654?
False
Does 43 divide 24639?
True
Does 107 divide 87954?
True
Is 2723688 a multiple of 114?
True
Is 35 a factor of 6550305?
False
Is 4142 a multiple of 17?
False
Is 3 a factor of 67994?
False
Is 6 a factor of 13452?
True
Is 786030 a multiple of 19?
True
Is 16818 a multiple of 17?
False
Is 3726 a multiple of 9?
True
Does 13 divide 1398254?
True
Is 43 a factor of 163571?
False
Is 4 a factor of 58512?
True
Is 466437 a multiple of 85?
False
Is 193704 a multiple of 56?
True
Is 71616 a multiple of 304?
False
Does 184 divide 153320?
False
Does 92 divide 117392?
True
Does 663 divide 838032?
True
Does 183 divide 9745116?
True
Is 27499 a multiple of 10?
False
Is 80 a factor of 364798?
False
Does 85 divide 621775?
True
Does 2 divide 459?
False
Is 23 a factor of 284363?
False
Does 11 divide 204259?
True
Does 21 divide 532100?
False
Is 14 a factor of 4711091?
False
Is 5 a factor of 245055?
True
Is 264670 a multiple of 245?
False
Is 387 a factor of 21672?
True
Does 9 divide 52006?
False
Does 13 divide 23965133?
False
Is 2 a factor of 37119?
False
Does 141 divide 5834?
False
Does 548 divide 781996?
True
Does 14 divide 5461260?
True
Is 18 a factor of 81792?
True
Does 79 divide 862220?
False
Does 859 divide 7678601?
True
Is 30938529 a multiple of 1028?
False
Is 385 a factor of 257180?
True
Is 11 a factor of 327096?
True
Is 846024 a multiple of 270?
False
Does 1557 divide 14719878?
True
Is 363693 a multiple of 321?
True
Does 87 divide 3170454?
True
Does 13 divide 677846?
True
Is 35 a factor of 3707420?
False
Is 22 a factor of 17287908?
True
Is 8 a factor of 53390?
False
Is 133017 a multiple of 303?
True
Is 402 a factor of 150348?
True
Is 43 a factor of 1215696?
True
Is 9 a factor of 1103011?
False
Is 10111109 a multiple of 709?
False
Is 101370 a multiple of 310?
True
Is 47670 a multiple of 11?
False
Is 76 a factor of 9497908?
False
Does 25 divide 75950?
True
Does 23 divide 265167?
True
Is 11531160 a multiple of 18?
True
Is 115461 even?
False
Is 119 a factor of 4403?
True
Is 82 a factor of 6126667?
False
Does 207 divide 214729?
False
Does 30 divide 74220?
True
Is 254 a factor of 2122029?
False
Does 52 divide 15748?
False
Is 480257 a multiple of 324?
False
Is 296194 a multiple of 94?
True
Is 266532 a multiple of 668?
True
Does 10 divide 1263977?
False
Is 33795 a multiple of 4?
False
Is 6 a factor of 29351?
False
Is 148 a factor of 2141293?
False
Is 71 a factor of 475945?
False
Is 15708 a multiple of 204?
True
Is 229317 a multiple of 126?
False
Is 174 a factor of 1243230?
True
Does 75 divide 26542?
False
Is 250779 a multiple of 467?
True
Is 23 a factor of 182835?
False
Is 25 a factor of 66586?
False
Is 15 a factor of 1368078?
False
Is 553469 a multiple of 10?
False
Does 419 divide 1010412?
False
Does 437 divide 908603?
False
Is 318 a factor of 776556?
True
Does 24 divide 2899775?
False
Is 7986532 a multiple of 914?
True
Does 232 divide 1418912?
True
Is 957036 a multiple of 16?
False
Is 347646 a multiple of 82?
False
Is 47 a factor of 1410235?
True
Is 12 a factor of 139023?
False
Is 1687800 a multiple of 15?
True
Is 349418 a multiple of 478?
True
Is 471069 a multiple of 9?
True
Does 28 divide 536000?
False
Is 4937897 a multiple of 206?
False
Is 347667 a multiple of 36?
False
Is 386 a factor of 23898677?
False
Is 162 a factor of 74040?
False
Does 5 divide 6585?
True
Is 22 a factor of 86433?
False
Is 45 a factor of 5905260?
True
Is 51 a factor of 597222?
False
Is 1567 a factor of 475734?
False
Is 274600 a multiple of 4?
True
Is 25660 a multiple of 20?
True
Is 100 a factor of 3101188?
False
Is 1625300 a multiple of 11?
False
Is 32 a factor of 996484?
False
Is 591058 a multiple of 59?
False
Is 6 a factor of 63503?
False
Is 794 a factor of 1504575?
False
Does 254 divide 574040?
True
Does 169 divide 201447?
False
Is 2493927 a multiple of 1144?
False
Does 191 divide 1017266?
True
Is 578270 a multiple of 14?
True
Is 311691 a multiple of 231?
False
Does 3 divide 380940?
True
Is 207135 a multiple of 12?
False
Is 722337 a multiple of 21?
True
Is 146234 a multiple of 253?
True
Is 2383290 a multiple of 45?
True
Is 983813 a multiple of 17?
False
Is 21 a factor of 71030?
False
Is 2813636 a multiple of 268?
False
Does 35 divide 7455?
True
Is 278964 a multiple of 486?
True
Is 4171911 a multiple of 44?
False
Is 12658982 a multiple of 14?
True
Is 45 a factor of 1500319?
False
Does 12 divide 2642520?
True
Does 226 divide 449679?
False
Does 28 divide 161495?
False
Is 3 a factor of 633663?
True
Is 373305 a multiple of 8?
False
Is 47615 a multiple of 70?
False
Does 626 divide 874522?
True
Is 7 a factor of 39483?
False
Is 104 a factor of 3378146?
False
Is 1939517 a multiple of 65?
False
Does 5 divide 22579?
False
Does 15 divide 118142?
False
Does 20